s divided by w.
2
Suppose 0 = 7*d - 5*d - 4. Suppose 5*g + d*z - 5*z = 184, 0 = -g + 4*z + 30. What is the remainder when g is divided by 20?
18
Let w(o) = -3*o + 5. Suppose -3*a + 9*q - 4*q = 37, -3*a = 4*q - 8. What is the remainder when 67 is divided by w(a)?
16
Let z(y) = 3*y**2 - 5*y + 3. Let o = 31 - 22. Calculate the remainder when z(3) is divided by o.
6
Suppose -5*k + 38 + 12 = 0. What is the remainder when 7 is divided by k/4*(-2)/(-1)?
2
Suppose 2*m - 5*q = 24, 0*m + 3*m - 5*q = 36. Suppose 0 = -p + 1 + 7. Suppose -o + r = -23, 15 + p = o - 4*r. What is the remainder when o is divided by m?
11
Suppose 5*b + 5*b = 180. Calculate the remainder when 142 is divided by b.
16
Let c = 55 - 24. Let r(x) be the third derivative of x**4/8 - 5*x**3/3 - x**2. What is the remainder when c is divided by r(7)?
9
Let i = 73 + -32. Calculate the remainder when i is divided by 7*(4 - 0 - 2).
13
Let p = -260 - -375. Let l = -68 + p. Calculate the remainder when l is divided by 25.
22
Suppose -4*k = 121 - 45. Let x = -9 - k. Calculate the remainder when 17 is divided by x.
7
Suppose 0 = 6*n - 4*n - 18. Suppose 5 = 2*v - n. What is the remainder when 27 is divided by v?
6
Suppose 5*p = -3*p + 40. Let f be 1/((-2)/4*2). What is the remainder when p is divided by -4*-3*f/(-4)?
2
Calculate the remainder when 5 + (-3 - 0/5) is divided by 1.
0
Let v(p) = 9*p + 2. What is the remainder when 157 is divided by v(2)?
17
Let r = -5 - 3. Let f = -5 - r. Suppose 108 = -0*s + f*s. Calculate the remainder when s is divided by 19.
17
Let s(c) = c + 2. Let r be s(-2). Let g(w) = -w**2 - w + 2. Let t(h) = 3*h**3 - h**2. Calculate the remainder when g(r) is divided by t(1).
0
Suppose 0 = 3*m + 3*p + 3, -m - 9 = -6*p + 3*p. Calculate the remainder when (m + 3)*-1 + 30 is divided by 16.
14
Let i = 25 - 10. Calculate the remainder when 28 is divided by i.
13
Suppose 4*a - 5*a = -2. Let h(f) = 4*f**a - 1 + 2*f - 4*f**2 + 2*f**2. What is the remainder when 5 is divided by h(-2)?
2
Suppose 6 = -3*v + 15. What is the remainder when 3 is divided by v?
0
Let f(x) = x**2 - 7*x - 20. What is the remainder when 19 is divided by f(10)?
9
Let o be (-12)/(-10)*(-40)/6. What is the remainder when (14/o)/((-1)/4) is divided by 3?
1
Suppose 0*i = v + i - 76, -4*v = 3*i - 300. What is the remainder when v is divided by 19?
15
Suppose 2*a - 4*h - 42 = 0, -4*h + h - 24 = -a. Let q = a + -5. What is the remainder when q is divided by 3?
1
Suppose -5*i + 142 = -3*i. What is the remainder when i is divided by 18?
17
Let o be 1338/30 - 4/(-10). Suppose -o = -t - 4*t. Calculate the remainder when t is divided by 3.
0
Let v = 17 + -9. Calculate the remainder when 29 is divided by v.
5
Let l(t) = 23*t**2. Suppose 3*g = 8*g - 110. Suppose 2*d + 2*d = -4*v - 20, 5*d = -2*v - g. Calculate the remainder when l(v) is divided by 8.
7
Let q(k) = -3*k - 22. Calculate the remainder when 3 is divided by q(-8).
1
Suppose -2*u - c - 2 = 3*c, u - 4*c - 23 = 0. What is the remainder when 17 is divided by u?
3
Let g = 0 + 11. Suppose -2*p + 5*t + 96 = -73, -5*t = -4*p + 323. Calculate the remainder when 3220/p - (-4)/22 is divided by g.
9
Let c = 22 - 37. What is the remainder when 25 is divided by 3/(2 - c/(-9))?
7
What is the remainder when (-1 + 0 - 0) + 98 is divided by 381/15 + 16/(-40)?
22
Let z be (2 + 9/(-2))*-2. Suppose -2*w + 3*w - z = 0. Let n = -1 + 5. Calculate the remainder when w is divided by n.
1
Let f = -13 - -18. Suppose f - 23 = -k. Calculate the remainder when k is divided by 12.
6
Let f = 4 + 33. What is the remainder when 69 is divided by f?
32
Suppose -1 = 2*w - 11. Let l be 4/6*15/w. Suppose l*x = -x + 30. Calculate the remainder when x is divided by 6.
4
Let x = 0 - -4. What is the remainder when ((-30)/25)/(3 + (-96)/30) is divided by x?
2
Suppose 3*n + 6 = 5*n. Calculate the remainder when 6 is divided by ((-3)/(-9) + 1)*n.
2
Let m(y) = y**2 - 2*y + 13. Calculate the remainder when m(9) is divided by 20.
16
Suppose 4*i - i = 150. What is the remainder when i is divided by 13?
11
Let k(i) = i**3 - 11*i**2 - 8*i - 9. Calculate the remainder when 154 is divided by k(12).
37
Suppose -s + 4*s + 93 = 0. Let i = s - -44. What is the remainder when 25 is divided by i?
12
Let q(c) = c**2 - 10*c + 11. Let p be q(9). What is the remainder when p/(1 + (-7)/8) is divided by (1*-10)/(-2) + 1?
4
Let h(p) = p**3 + 6*p**2 - 7*p - 1. Let b be h(-5). Suppose -4*z - b = -167. Calculate the remainder when z is divided by 7.
6
Let g = 12 + -8. Suppose -c + 17 = -g. What is the remainder when 62 is divided by c?
20
Suppose -5*r = -4*f + 69, f + 7*r - 2*r + 14 = 0. What is the remainder when 31 is divided by f?
9
Suppose k = 2, 3*m - m - 2*k - 10 = 0. Suppose -4*t + 23 = r, 2*r + 2*t - 13 = 3. Calculate the remainder when m is divided by r.
1
Suppose -5*i + 343 - 138 = 0. Let q = i - 8. Suppose 91 = 5*w + 3*y, w - 11 = 2*y + 2. Calculate the remainder when q is divided by w.
16
Suppose 12*v = 46 + 62. What is the remainder when v is divided by 7?
2
Let q = 414 + -836. Let n = q + 605. Suppose 4*u - 61 - n = 0. What is the remainder when u is divided by 21?
19
Suppose -4*x = 4, -1 - 8 = 4*z + 5*x. What is the remainder when (252/(-4) + -1)*z is divided by 22?
20
Let t be 4/10 - 16/(-10). Suppose t*v = 6*v - 108. What is the remainder when v is divided by 10?
7
Suppose -3*f - 2 = -f. Let c = f - -16. Calculate the remainder when c is divided by 4.
3
Let x(d) = -30*d - 2. Let g be x(-3). Let q = -48 + g. Let v = q + -20. Calculate the remainder when 58 is divided by v.
18
Let k(f) = -12*f**3 - f - 1. Let g be 21 - (-7 - (-3 + -1)). Let d = -19 + g. What is the remainder when k(-1) is divided by d?
2
Let j = 47 + -34. What is the remainder when 64 is divided by j?
12
Let j = -5 + 5. Let u = -2 - -4. Let q = j + u. What is the remainder when q is divided by 1?
0
Suppose -5*t + 3*t = -36. What is the remainder when 71 is divided by t?
17
Let g be (-876)/22 + (-4)/22. Calculate the remainder when g/(-24)*(26 - -1) is divided by 12.
9
Suppose -5*c + 157 = -48. Suppose -8 = -5*r - 78. Let x = r - -25. Calculate the remainder when c is divided by x.
8
Suppose 2*j - 24 = 4*l - 0, -3*j + 3*l + 24 = 0. Suppose j*b - b = 36. Suppose 0 = -5*q + 78 + 97. Calculate the remainder when q is divided by b.
11
Suppose -4*v = -0*f - 2*f - 70, 0 = -v + 2*f + 16. Calculate the remainder when 68 is divided by v.
14
Let s = 32 - 18. What is the remainder when s is divided by ((-6)/2)/(6/(-10))?
4
Suppose 5*y - 40 = -10. Suppose -3*i + 66 = -0*i. Calculate the remainder when i is divided by y.
4
Let f(k) = -k**3 + 9*k**2 + 10*k + 2. Let n be f(10). Suppose -n*r - 2*r + 8 = 0. Suppose -r*v + 17 = -13. Calculate the remainder when v is divided by 9.
6
Suppose -j = -10 - 23. Let b = -17 - -29. Suppose -p = -0*p - b. What is the remainder when j is divided by p?
9
Suppose -3*g + 51 = -54. Calculate the remainder when 69 is divided by g.
34
Suppose 2*u = 3*g - 35, -g + 2*u = -0*g - 17. Calculate the remainder when 25 is divided by g.
7
Let q(r) = 3*r - 21. What is the remainder when 41 is divided by q(11)?
5
Let a(y) = -2*y**2 + 45*y - 17. What is the remainder when a(21) is divided by 6?
4
Let z(n) = -8*n + 27. What is the remainder when z(-10) is divided by 27?
26
Suppose -5*s + 16 = -4*l, 4*s + 1 - 19 = -2*l. Suppose 0 = -s*y + 6*y - 34. Calculate the remainder when 32 is divided by y.
15
Suppose -4*g + k + 72 = 0, 2*g + k - 30 = -0*g. Calculate the remainder when 49 is divided by g.
15
Let r = 390 - 273. Calculate the remainder when r/5 + 6/(-15) is divided by 12.
11
Let r = 197 - 171. Let z(o) = 10*o**2 + 2*o + 1. Let n = -3 + 2. Calculate the remainder when r is divided by z(n).
8
Let q(m) = -m + 14. What is the remainder when q(-26) is divided by 17?
6
Let y = -7 - -22. Let b = 35 - y. What is the remainder when b is divided by (-29)/(-4) + (-1)/4?
6
Suppose -4*v = -0*v - 4*x - 304, -149 = -2*v + x. What is the remainder when v is divided by 25?
23
Suppose 0 = -4*y - 2*o + 150, 12 + 3 = -5*o. Calculate the remainder when y is divided by 7.
4
Suppose 40 = 5*q - 75. Suppose 2*h = 39 + q. Calculate the remainder when h is divided by 8.
7
Suppose -3*m + 3 = -3*a, a + 5*m - 7 = 16. Suppose 5*c = 16 + 24. What is the remainder when c i